. What are the prime factors of l?
2, 7, 23
Suppose 57 = -l + 6*l - 3*x, -35 = -3*l + x. Suppose 5*k - 18 = l. List the prime factors of k.
2, 3
Let t = 7 - 0. List the prime factors of t.
7
List the prime factors of 1/(4/(-16)) - -69.
5, 13
Let f(w) = -8*w. Suppose -2*m = -5*m - 3. List the prime factors of f(m).
2
Let i = 35 - 24. Suppose 0 = -4*t + z + 36, -t = -z - i - 1. List the prime factors of t.
2
Let b = 10 + -6. Suppose 6*y - 3*y - 1 = -b*j, -3*j = 3*y. List the prime factors of (-6 - 6)/(1/y).
2, 3
Suppose 0 = -3*b + 5*w + 25, 0*b + 4*w + 18 = 2*b. Suppose 5*z - 15 = -c - c, -b*c + z - 30 = 0. Let x = 0 - c. List the prime factors of x.
5
What are the prime factors of (-4)/(-16) + (-6515)/(-20)?
2, 163
Let a(p) = 2*p**3 - 3*p**2 + 4*p - 2. Suppose 0 = -5*t - d + 11, -t - 2 = -5*d + d. List the prime factors of a(t).
2, 5
Suppose -78 = -j - 2*j. Suppose 0 = -5*y + 44 + j. Suppose 5*s + y = 4*d + 69, s = -5*d - 18. List the prime factors of s.
7
Let k(g) = -g**3 + 56. What are the prime factors of k(0)?
2, 7
Let y(j) = 2*j - 4. Let i be (-30)/3*2/(-4). What are the prime factors of y(i)?
2, 3
Let j = 59 + -42. What are the prime factors of j?
17
Let i be 184/(-20) + (-3)/(-15). Let q = i - -16. What are the prime factors of q?
7
Suppose -4*y = -4*n - 20, -4*n + 7 - 19 = 0. Suppose -7*i = -y*i - 85. List the prime factors of i.
17
Suppose -5*v = 0, 0 = 2*j - 3*v - v - 138. What are the prime factors of j?
3, 23
Let w = 74 + -42. Let m = w + -18. What are the prime factors of m?
2, 7
Suppose p - 27 = -1. Suppose 3*m - 16 = -4*u, -5*m = -3*u - 0*m - 17. List the prime factors of p/(4 + u - 3).
13
Let t(b) = 10*b - 2. Let d be t(2). Let z = -12 + d. What are the prime factors of z?
2, 3
Let r = -8 - 4. Let y be (-8)/r + (-5)/3. Let k = y + 4. What are the prime factors of k?
3
What are the prime factors of 4/(-10) + 3768/20 + 1?
3, 7
Let b be (-2)/1 + (3 - 3). Let n be (42/(-4))/(b/4). Suppose n = i + 2*i. List the prime factors of i.
7
Let q = 13 + -9. Let k be (0 - 1) + 16/q. Suppose -k*n = -21 - 3. What are the prime factors of n?
2
Suppose 0 = 2*u + 3*u + 10. Let h(i) = -2*i**3 + 4*i**2 + 4*i + 2. Let v be h(u). List the prime factors of (v/(-6))/((-7)/21).
13
Suppose -4*l + 19 - 7 = 0. Suppose -b - 3*b = -l*a - 18, -2*b - 24 = 4*a. What are the prime factors of (-133)/a - 2/12?
2, 11
Suppose -b = 2*n + 3*n + 22, 5*n + 20 = 0. Let w = 0 - b. List the prime factors of w.
2
List the prime factors of 4/(-14) + 1119/21.
53
Let x(d) = 148*d**2 - 4*d - 4. What are the prime factors of x(-1)?
2, 37
Suppose 0 = -2*i - 2 + 38. Let w = 17 - 17. Suppose -5*x + o + w*o = -i, x = 4*o + 15. List the prime factors of x.
3
Let y = -16 - -9. Let p = -2 - y. Suppose -j = -5*j + p*x + 81, j - 3*x - 29 = 0. List the prime factors of j.
2, 7
Suppose 0*u - u + 5 = 0. Suppose 2 + 33 = u*f. What are the prime factors of 33/f - (-2)/7?
5
Suppose 25*q - 35 = 24*q. List the prime factors of q.
5, 7
What are the prime factors of 60/3 + 2 + -2?
2, 5
Suppose 2*d - 8 = 0, 5*h - d - 176 = -10. List the prime factors of (-3)/(h/(-14) - -2).
7
Suppose -6*d - 18 = -60. List the prime factors of d.
7
Let r = -2 + 3. Let o(j) = 5*j**3 - j + 1. Let s be o(r). Suppose 4*w = -s*f - 5, -5*w - 4*f - f = 0. What are the prime factors of w?
5
Let n(k) = 68*k**3 + 2*k**2 + 9*k + 7. Let a(t) = 34*t**3 + t**2 + 5*t + 4. Let j(r) = 7*a(r) - 4*n(r). List the prime factors of j(-1).
2, 17
Let o(r) = r**2 + 8*r + 8. Suppose 2*z + 3*h = -9 - 18, -2*h = 4*z + 34. Let c be o(z). What are the prime factors of ((-39)/6)/(c/8)?
13
Suppose 4*w + 28 - 172 = 0. Let d be (18/(-15))/((-9)/30). Suppose -w = f - d*f. What are the prime factors of f?
2, 3
Let h be (-2*(0 - 2))/1. Suppose -h*o - x + 62 = o, 3*o + x = 38. What are the prime factors of o?
2, 3
Let u = -1 - 0. Let i(a) = -3*a**3 + 2*a**2 - 1. Let h be i(u). Suppose 0*m - 10 = -2*m - 3*c, h*m + 4*c - 20 = 0. List the prime factors of m.
5
Let u(t) = 93*t**2 + t. Let i be u(-1). Suppose -2*z - i = -6*z. List the prime factors of z.
23
Suppose 0 = l + l - 38. Let m = 25 - l. What are the prime factors of m?
2, 3
Suppose -59 = -2*l - 3*g + 8, 5*l - 170 = -5*g. What are the prime factors of l?
5, 7
Let t be 0 + 4 + -2 + 3. Suppose 6 = a - t. List the prime factors of a.
11
Let u(h) = h**3 - h**2 - 3*h - 1. Let p be u(-2). Let i(s) = 4*s**2 + 1. Let a be i(-2). Let r = p + a. What are the prime factors of r?
2, 5
Let g = -3 + 6. Suppose f = -g*f + 12. Suppose 4*o = -f*m + 43, -3*o - 2*m = -1 - 30. List the prime factors of o.
7
Let r = 90 - -327. List the prime factors of r.
3, 139
Let q(i) = 252*i**2 - 2*i + 1. What are the prime factors of q(1)?
251
Let b be 1/((3/(-96))/(-1)). Let p = b + 6. Suppose -5*f + p = 13. List the prime factors of f.
5
Let o(k) = -k**3 - 3*k**2 - 2*k + 1. Let n be 15*(21/(-9) - -3). Suppose 0 = -x + 2*c - 3 + n, c + 2 = x. List the prime factors of o(x).
7
Let h = 13 + -2. List the prime factors of h.
11
Let i = 5 + 28. What are the prime factors of i?
3, 11
Suppose t = 4*t - 9. Suppose 2*d = -2*d - 3*v + 3, d - t*v - 12 = 0. Suppose 6 = d*p - 3*c - 18, 4*p = 5*c + 28. What are the prime factors of p?
2, 3
Let o = -18 + 9. Let v = 16 + o. List the prime factors of v.
7
Let l = -69 + 29. List the prime factors of (-1)/(4/l*2).
5
Let w(v) = v**2 + 4*v - 10. Let b be (-8)/(-2 - 10/(-4)). Let i be b/56 - 47/7. List the prime factors of w(i).
11
Suppose 0*d - 96 = -4*d + v, v = -4*d + 88. Let p = 44 - d. Suppose -p + 1 = -4*k. List the prime factors of k.
5
Let o(x) = x**3 + 11*x**2 - 3*x + 10. List the prime factors of o(-11).
43
What are the prime factors of 34 + 0 + (-4)/(-4)?
5, 7
Let u(y) = -y - 2. Let v be u(-2). Let b = 2 + v. Suppose -p = b*d + 2 - 5, -p + 21 = -4*d. List the prime factors of p.
3
Let w(v) = 47*v**3 + v**2 - v + 1. Let y be w(1). Suppose 4*c - 24 - y = 0. What are the prime factors of c?
2, 3
Suppose 2*y = 6*y - 144. Suppose -4*s = -y - 8. List the prime factors of s.
11
What are the prime factors of (446/8)/((-22)/(-88))?
223
Let f(p) = p**3 + 10*p**2 - 16*p - 15. List the prime factors of f(-11).
2, 5
Let a be (-1)/1*5*-1. Suppose -b = -5*g + 60, -3*b + 24 = a*g - 16. What are the prime factors of g?
11
Suppose 5*v = 5*h - 13 + 163, 0 = -4*v - h + 120. Let o = -14 + v. List the prime factors of o.
2
Let r(k) = 3*k**3 + 2*k**2 - k. Let m be r(1). List the prime factors of 42/(-4)*m/(-3).
2, 7
Let s(i) = -i**3 + i**2 + 2*i - 2. Let p be s(-4). Suppose x = 3*x - p. Suppose 0 = -5*g + x - 10. What are the prime factors of g?
5
Let n = 2 + -10. Let z = n - -14. List the prime factors of z.
2, 3
Let u(q) = -14*q**3 - 3*q**2 - 2*q + 1. Let x be u(-2). Suppose -4*b = 63 + x. Let c = -27 - b. List the prime factors of c.
3, 5
List the prime factors of 4 + (-4 - -5) + -3.
2
Let x(q) = -q**3 - 18*q**2 - 38*q + 21. List the prime factors of x(-16).
3, 13
Let p = -7 - -18. List the prime factors of p.
11
Suppose 3*c - 66 = -3*l, -2*l = -5*c + 83 + 48. What are the prime factors of c?
5
Let a = -51 - -107. List the prime factors of a.
2, 7
Let b(x) = -x**3 + 10*x**2 + 4*x - 3. Let p be b(11). List the prime factors of p/(-2) - (-4 - 0).
2, 11
Let z(w) = 2*w - 18. Let f be z(12). Let s = 10 - f. What are the prime factors of s?
2
Let h(s) = 2*s**2 - 2*s + 1. Let f be h(2). Suppose 19*y - 22*y = 3. List the prime factors of (-1 - 0)*f*y.
5
List the prime factors of -4 + -6*28/(-8).
17
Suppose -t - 2*i = t + 220, 0 = -4*t + i - 450. What are the prime factors of (-9)/(36/t) + 3?
31
Let g(x) = -x**2 + 7*x + 2. Let n be g(7). Suppose 2*l + 2*t - n = 3*t, 2*l + 4*t + 18 = 0. Let r = l + 3. What are the prime factors of r?
2
Let r(l) = 5*l + 27. What are the prime factors of r(11)?
2, 41
Let g = -28 + 16. Let q = g + 22. What are the prime factors of q?
2, 5
Let i be (-3)/6*2 + 3. Suppose -l + i*l = 12. What are the prime factors of l?
2, 3
Let l = -148 + 331. List the prime factors of l.
3, 61
Suppose -4*d + 5*g = 45 - 176, 90 = 3*d - g. List the prime factors of d.
29
Let j(n) = n**2 - 1. Suppose -5*m = 30 + 5. Let b = m - -5. List the prime factors of j(b).
3
What are the prime factors of ((1 + -2)*-7)/((-3)/(-21))?
7
Suppose 12 = 4*g + 48. Let m(u) = u + 2. Let f be m(g). Let w = -3 - f. What are the p